ase 3
-2112221
Convert 77511 (base 8) to base 16.
7f49
Convert -2957 (base 11) to base 9.
-5206
-2224 (base 15) to base 7
-30043
What is -c4 (base 14) in base 13?
-103
Convert -10003 (base 4) to base 8.
-403
Convert 32344 (base 7) to base 15.
25cd
Convert 9ab3 (base 12) to base 9.
25440
Convert 15451 (base 6) to base 4.
213313
What is -111333 (base 4) in base 14?
-727
Convert -1110110000 (base 2) to base 10.
-944
-25158 (base 10) to base 9
-37453
Convert -341300 (base 5) to base 11.
-9088
What is 1011010010 (base 2) in base 11?
5a7
Convert -1142 (base 15) to base 10.
-3662
What is -1411 (base 5) in base 8?
-347
Convert -1018 (base 11) to base 3.
-1212000
What is -1424 (base 6) in base 3?
-111221
Convert -46214 (base 8) to base 7.
-111063
1212004 (base 6) to base 2
1111100111000100
-9276 (base 10) to base 2
-10010000111100
What is -100210112 (base 3) in base 11?
-5403
-3144 (base 5) to base 6
-1544
1632 (base 9) to base 10
1244
What is -37e (base 16) in base 14?
-47c
433 (base 12) to base 16
267
What is 110001100101 (base 2) in base 16?
c65
Convert 12320 (base 4) to base 7.
1166
6af (base 16) to base 3
2100101
5979 (base 11) to base 9
11660
Convert -205002 (base 6) to base 15.
-4dde
What is 14312 (base 10) in base 16?
37e8
Convert 722 (base 9) to base 10.
587
What is 11001100000 (base 2) in base 6?
11320
What is 24 (base 14) in base 11?
2a
What is 172b6 (base 14) in base 4?
32031000
-78 (base 16) to base 11
-aa
Convert -101011110 (base 2) to base 9.
-428
-22196 (base 11) to base 9
-48114
What is -2323310 (base 4) in base 8?
-27364
Convert 1e89 (base 15) to base 10.
6654
Convert -23113212 (base 4) to base 9.
-70780
Convert 221233 (base 5) to base 12.
4551
What is 154112 (base 7) in base 5?
1431432
What is -15ba (base 12) in base 13?
-1243
-55670 (base 10) to base 12
-28272
-1011010001111 (base 2) to base 3
-21220220
What is -225 (base 10) in base 13?
-144
What is -2626 (base 7) in base 8?
-1750
2120111 (base 3) to base 13
b14
-102 (base 13) to base 14
-c3
Convert -1652 (base 8) to base 10.
-938
Convert -740 (base 16) to base 5.
-24411
Convert 111 (base 8) to base 6.
201
What is -14532 (base 7) in base 4?
-333021
Convert 514 (base 9) to base 10.
418
What is 1573 (base 13) in base 2?
110001000000
What is 212021122 (base 3) in base 15?
5068
Convert 13472 (base 9) to base 5.
243022
What is -9a3 (base 13) in base 8?
-3166
Convert -2005 (base 8) to base 16.
-405
-4366 (base 9) to base 5
-100334
What is -243 (base 7) in base 13?
-9c
Convert -83b (base 16) to base 15.
-957
352553 (base 6) to base 15
9053
What is -1011100110101 (base 2) in base 11?
-4511
-2375 (base 8) to base 7
-3503
4151 (base 6) to base 8
1643
Convert 6d9 (base 16) to base 11.
1354
What is 118405 (base 9) in base 13?
2688b
What is 133301 (base 4) in base 6?
13225
Convert -402321 (base 5) to base 14.
-496c
-101110010110001 (base 2) to base 6
-301505
What is 1261 (base 8) in base 16?
2b1
Convert -1610 (base 7) to base 3.
-212212
Convert -11222112 (base 3) to base 7.
-13406
Convert -33 (base 11) to base 8.
-44
61a9 (base 14) to base 3
212001120
Convert 1515 (base 6) to base 5.
3112
Convert -1441 (base 15) to base 8.
-10360
What is 1010110011100 (base 2) in base 5?
134112
Convert 17d (base 15) to base 11.
292
565 (base 7) to base 13
196
-23b (base 12) to base 2
-101001111
Convert -140331 (base 5) to base 11.
-4327
1701 (base 11) to base 10
2179
What is 323 (base 11) in base 9?
471
-1166 (base 7) to base 8
-670
What is -70101 (base 8) in base 11?
-1a655
What is -18625 (base 9) in base 5?
-403102
What is 6950 (base 10) in base 13?
3218
238d (base 14) to base 9
8450
Convert 111000111011101 (base 2) to base 13.
10363
622 (base 7) to base 12
21a
2760 (base 10) to base 14
1012
-10010100110110 (base 2) to base 15
-2c51
What is 23114 (base 5) in base 8?
3173
-233542 (base 6) to base 10
-20294
Convert 455 (base 9) to base 14.
1ca
Convert -3436 (base 11) to base 10.
-4516
641a (base 12) to base 3
120001011
What is 24230 (base 5) in base 4?
130113
17615 (base 11) to base 2
110000001111100
What is -36 (base 10) in base 14?
-28
-1234 (base 7) to base 9
-567
Convert -1264 (base 13) to base 15.
-b97
Convert 188 (base 15) to base 4.
11201
What is -1021202221 (base 3) in base 6?
-313211
3405 (base 10) to base 8
6515
What is 31 (base 7) in base 10?
22
What is 143411 (base 6) in base 8?
32677
Convert -1087 (base 10) to base 14.
-579
What is -31320 (base 4) in base 10?
-888
-22534 (base 6) to base 4
-302122
Convert 5402 (base 8) to base 5.
42233
1a6 (base 11) to base 2
11101101
Convert -20210222 (base 3) to base 8.
-11547
What is -1101110010111100 (base 2) in base 16?
-dcbc
Convert 2088 (base 13) to base 14.
18dc
Convert 1a7 (base 16) to base 7.
1143
What is 203233 (base 6) in base 5?
1010133
-110111011011 (base 2) to base 9
-4771
What is 5546 (base 11) in base 2?
1110010001110
361 (base 11) to base 7
1153
-24673 (base 8) to base 16
-29bb
What is -12050 (base 9) in base 3?
-102001200
e66 (base 15) to base 14
127c
2032 (base 12) to base 10
3494
What is -10111101010010 (base 2) in base 9?
-17550
What is 694 (base 13) in base 12?
7a7
Convert 11011101001011 (base 2) to base 7.
56161
What is 13d1 (base 14) in base 16?
dbb
1325 (base 10) to base 4
110231
23470 (base 8) to base 12
5988
Convert 103220 (base 8) to base 10.
34448
Convert 7b7 (base 13) to base 8.
2465
What is -322 (base 16) in base 6?
-3414
Convert 639 (base 13) to base 7.
3045
12244 (base 6) to base 13
aa8
Convert 19466 (base 13) to base 7.
263063
Convert 1394c (base 14) to base 4.
23311200
-1678d (base 15) to base 3
-10200120021
What is 11d (base 15) in base 13?
166
Convert -2a5c (base 13) to base 11.
-46a1
What is -44421 (base 9) in base 15?
-8b1d
-6ece (base 15) to base 6
-301122
What is 1420 (base 7) in base 15?
26d
Convert -69c (base 13) to base 3.
-1120100
-314 (base 6) to base 16
-76
What is 7e8 (base 16) in base 15?
8ee
-10134 (base 5) to base 3
-220210
-18c89 (base 13) to base 11
-332aa
Convert 918 (base 11) to base 13.
673
What is 1351340 (base 6) in base 14?
1ddc8
26581 (base 12) to base 15
10907
138408 (base 9) to base 10
84896
What is -483b (base 14) in base 15?
-3aec
Convert 8c76 (base 13) to base 15.
5c86
What is 841 (base 11) in base 4?
33311
Convert 104202 (base 5) to base 15.
1152
What is 421 (base 7) in base 3?
21211
2b6a (base 14) to base 12
458a
What is -101132 (base 5) in base 6?
-23124
-79a (base 11) to base 15
-43b
Convert 22010100 (base 3) to base 9.
8110
-362 (base 15) to base 10
-767
What is 4140 (base 12) in base 15?
2189
Convert 1710 (base 14) to base 7.
15020
495 (base 10) to base 15
230
What is 5162 (base 8) in base 10?
2674
554 (base 7) to base 14
164
What is -5630 (base 7) in base 9?
-2705
Convert 104504 (base 6) to base 5.
240244
What is 2700 (base 11) in base 7?
13142
What is 232 (base 4) in base 16?
2e
157d (base 16) to base 2
1010101111101
What is -856 (base 10) in base 12?
-5b4
-101000110110000 (base 2) to base 15
-62e2
What is 3483 (base 14) in base 2?
10001110101011
What is 45550 (base 8) in base 14?
706c
-803 (base 15) to base 3
-2110210
-3b3b (base 14) to base 15
-3161
What is -1abee (base 15) in base 12?
-42482
What is 14012 (base 5) in base 6?
5124
Convert -947 (base 13) to base 6.
-11152
What is -10010110011010101 (base 2) in base 5?
-4431023
Convert -141111 (base 6) to base 15.
-3db4
dd3b (base 14) to base 9
57445
Convert 20531 (base 8) to base 12.
4b35
-2220 (base 7) to base 10
-798
Convert -16ab (base 14) to base 11.
-3071
Convert -790 (base 10) to base 16.
-316
Convert 1000111010110 (base 2) to base 8.
10726
Convert 14b55 (base 12) to base 11.
20014
What is -263 (base 8) in base 12?
-12b
Convert -31516 (base 7) to base 6.
-100044
What is 4b3 (base 15) in base 2?
10000101100
401323 (base 5) to base 10
12713
What is -9366 (base 11) in base 5?
-344124
Convert -111424 (base 8) to base 16.
-9314
Convert 4894 (base 12) to base 5.
230201
What is 677 (base 11) in base 7?
2235
Convert -4c8 (base 14) to base 10.
-960
Convert -4e2 (base 16) to base 4.
-103202
What is 721 (base 11) in base 14?
462
Convert -22220 (base 4) to base 13.
-404
What is 89 (base 12) in base 13?
81
What is -7796 (base 12) in base 8?
-31642
What is 11122120 (base 3) in base 9?
4576
Convert 279d (base 14) to base 11.
5293
-44244 (base 5)